{"id":139,"date":"2021-03-28T11:49:45","date_gmt":"2021-03-28T10:49:45","guid":{"rendered":"https:\/\/temp2studiob.ch\/?page_id=139"},"modified":"2021-03-28T11:57:23","modified_gmt":"2021-03-28T10:57:23","slug":"automatisch-gespeicherter-entwurf","status":"publish","type":"page","link":"https:\/\/plenum-vs.ch\/index.php\/automatisch-gespeicherter-entwurf\/","title":{"rendered":"Portrait"},"content":{"rendered":"<p>[et_pb_section fb_built=&#187;1&#8243; _builder_version=&#187;4.9.2&#8243; _module_preset=&#187;default&#187;][et_pb_row _builder_version=&#187;4.9.2&#8243; _module_preset=&#187;default&#187;][et_pb_column _builder_version=&#187;4.9.2&#8243; _module_preset=&#187;default&#187; type=&#187;4_4&#8243;][et_pb_text _builder_version=&#187;4.9.2&#8243; _module_preset=&#187;default&#187; hover_enabled=&#187;0&#8243; sticky_enabled=&#187;0&#8243;]<\/p>\n<h1><span style=\"color: #808080;\">PORTRAIT<\/span><\/h1>\n<p>[\/et_pb_text][\/et_pb_column][\/et_pb_row][et_pb_row column_structure=&#187;3_5,2_5&#8243; _builder_version=&#187;4.9.2&#8243; _module_preset=&#187;default&#187;][et_pb_column type=&#187;3_5&#8243; _builder_version=&#187;4.9.2&#8243; _module_preset=&#187;default&#187;][et_pb_text _builder_version=&#187;4.9.2&#8243; _module_preset=&#187;default&#187;]<\/p>\n<p>Aktive Personen mit offener Haltung und Interesse am Wallis bilden das Kontaktnetz Plenum VS. Durch den Aufbau und Unterhalt dieser Plattform f\u00f6rdert der Verein die Kommunikation sowie die Kn\u00fcpfung und Vertiefung von Beziehungen zwischen Personen, die sich mit dem Wallis verbunden f\u00fchlen.<\/p>\n<p>Das Plenum VS wurde in der \u00dcberzeugung gegr\u00fcndet, dass ein reger Austausch in einem unabh\u00e4ngigen Kontaktnetz zum Nutzen aller Beteiligten ist. Die Mitglieder k\u00f6nnen ihr Beziehungsnetz in verschiedenste Bereiche wie Wirtschaft, Politik, Wissenschaft, Kultur und Sport ausweiten. Sie bleiben auch nach dem Verlassen des Kantons mit dem Wallis verbunden. Der gegenseitige Erfahrungsaustausch bei ungezwungenen Treffen und Foren sowie der aktiven Teilnahme an Projekten erweitert den Horizont, weckt neue Interessen und Ideen und vermittelt ein breites Spektrum an Erkenntnissen und Erfahrungen. Auch der Kanton Wallis profitiert, weil er Botschafter gewinnt, die sich f\u00fcr die Anliegen ihres Kantons einsetzen und ihn mit ihrem Wissen und ihren Beziehungen aktiv unterst\u00fctzen.<\/p>\n<p>Das Plenum VS f\u00f6rdert den Informations- und Gedankenaustausch und stellt f\u00fcr seine Mitglieder exklusiv einen Informationspool bereit. Der Verein f\u00fchrt einen Kalender mit eigenen Veranstaltungen, die er auch in Zusammenarbeit mit verschiedenen Partnern selber organisiert. Er entwickelt neue Aktivit\u00e4ten und baut Dienstleistungen sowie eine Datenbank auf. Er bietet die M\u00f6glichkeit, Pers\u00f6nlichkeiten aus Wirtschaft, Politik, Wissenschaft, Kultur und Sport kennenzulernen.<\/p>\n<p>[\/et_pb_text][\/et_pb_column][et_pb_column type=&#187;2_5&#8243; _builder_version=&#187;4.9.2&#8243; _module_preset=&#187;default&#187;][et_pb_image src=&#187;https:\/\/plenum-vs.ch\/wp-content\/uploads\/2021\/03\/PVS_logo_stern.png&#187; title_text=&#187;PVS_logo_stern&#187; _builder_version=&#187;4.9.2&#8243; _module_preset=&#187;default&#187;][\/et_pb_image][\/et_pb_column][\/et_pb_row][\/et_pb_section]<\/p>\n","protected":false},"excerpt":{"rendered":"<p>[et_pb_section fb_built=&#187;1&#8243; _builder_version=&#187;4.9.2&#8243; _module_preset=&#187;default&#187;][et_pb_row _builder_version=&#187;4.9.2&#8243; _module_preset=&#187;default&#187;][et_pb_column _builder_version=&#187;4.9.2&#8243; _module_preset=&#187;default&#187; type=&#187;4_4&#8243;][et_pb_text _builder_version=&#187;4.9.2&#8243; _module_preset=&#187;default&#187; hover_enabled=&#187;0&#8243; sticky_enabled=&#187;0&#8243;] PORTRAIT [\/et_pb_text][\/et_pb_column][\/et_pb_row][et_pb_row column_structure=&#187;3_5,2_5&#8243; _builder_version=&#187;4.9.2&#8243; _module_preset=&#187;default&#187;][et_pb_column type=&#187;3_5&#8243; _builder_version=&#187;4.9.2&#8243; _module_preset=&#187;default&#187;][et_pb_text _builder_version=&#187;4.9.2&#8243; _module_preset=&#187;default&#187;] Aktive Personen mit offener Haltung und Interesse am Wallis bilden das Kontaktnetz Plenum VS. Durch den Aufbau und Unterhalt dieser Plattform f\u00f6rdert der Verein die Kommunikation sowie die Kn\u00fcpfung und Vertiefung von [&hellip;]<\/p>\n","protected":false},"author":1,"featured_media":0,"parent":0,"menu_order":0,"comment_status":"closed","ping_status":"closed","template":"","meta":{"_et_pb_use_builder":"on","_et_pb_old_content":"","_et_gb_content_width":"","footnotes":""},"class_list":["post-139","page","type-page","status-publish","hentry"],"_links":{"self":[{"href":"https:\/\/plenum-vs.ch\/index.php\/wp-json\/wp\/v2\/pages\/139","targetHints":{"allow":["GET"]}}],"collection":[{"href":"https:\/\/plenum-vs.ch\/index.php\/wp-json\/wp\/v2\/pages"}],"about":[{"href":"https:\/\/plenum-vs.ch\/index.php\/wp-json\/wp\/v2\/types\/page"}],"author":[{"embeddable":true,"href":"https:\/\/plenum-vs.ch\/index.php\/wp-json\/wp\/v2\/users\/1"}],"replies":[{"embeddable":true,"href":"https:\/\/plenum-vs.ch\/index.php\/wp-json\/wp\/v2\/comments?post=139"}],"version-history":[{"count":5,"href":"https:\/\/plenum-vs.ch\/index.php\/wp-json\/wp\/v2\/pages\/139\/revisions"}],"predecessor-version":[{"id":147,"href":"https:\/\/plenum-vs.ch\/index.php\/wp-json\/wp\/v2\/pages\/139\/revisions\/147"}],"wp:attachment":[{"href":"https:\/\/plenum-vs.ch\/index.php\/wp-json\/wp\/v2\/media?parent=139"}],"curies":[{"name":"wp","href":"https:\/\/api.w.org\/{rel}","templated":true}]}}

<p>[et_pb_section fb_built=&#187;1&#8243; _builder_version=&#187;4.9.2&#8243; _module_preset=&#187;default&#187;][et_pb_row _builder_version=&#187;4.9.2&#8243; _module_preset=&#187;default&#187;][et_pb_column _builder_version=&#187;4.9.2&#8243; _module_preset=&#187;default&#187; type=&#187;4_4&#8243;][et_pb_text _builder_version=&#187;4.9.2&#8243; _module_preset=&#187;default&#187; hover_enabled=&#187;0&#8243; sticky_enabled=&#187;0&#8243;]</p>
<h1><span style="color: #808080;">PORTRAIT</span></h1>
<p>[/et_pb_text][/et_pb_column][/et_pb_row][et_pb_row column_structure=&#187;3_5,2_5&#8243; _builder_version=&#187;4.9.2&#8243; _module_preset=&#187;default&#187;][et_pb_column type=&#187;3_5&#8243; _builder_version=&#187;4.9.2&#8243; _module_preset=&#187;default&#187;][et_pb_text _builder_version=&#187;4.9.2&#8243; _module_preset=&#187;default&#187;]</p>
<p>Aktive Personen mit offener Haltung und Interesse am Wallis bilden das Kontaktnetz Plenum VS. Durch den Aufbau und Unterhalt dieser Plattform fördert der Verein die Kommunikation sowie die Knüpfung und Vertiefung von Beziehungen zwischen Personen, die sich mit dem Wallis verbunden fühlen.</p>
<p>Das Plenum VS wurde in der Überzeugung gegründet, dass ein reger Austausch in einem unabhängigen Kontaktnetz zum Nutzen aller Beteiligten ist. Die Mitglieder können ihr Beziehungsnetz in verschiedenste Bereiche wie Wirtschaft, Politik, Wissenschaft, Kultur und Sport ausweiten. Sie bleiben auch nach dem Verlassen des Kantons mit dem Wallis verbunden. Der gegenseitige Erfahrungsaustausch bei ungezwungenen Treffen und Foren sowie der aktiven Teilnahme an Projekten erweitert den Horizont, weckt neue Interessen und Ideen und vermittelt ein breites Spektrum an Erkenntnissen und Erfahrungen. Auch der Kanton Wallis profitiert, weil er Botschafter gewinnt, die sich für die Anliegen ihres Kantons einsetzen und ihn mit ihrem Wissen und ihren Beziehungen aktiv unterstützen.</p>
<p>Das Plenum VS fördert den Informations- und Gedankenaustausch und stellt für seine Mitglieder exklusiv einen Informationspool bereit. Der Verein führt einen Kalender mit eigenen Veranstaltungen, die er auch in Zusammenarbeit mit verschiedenen Partnern selber organisiert. Er entwickelt neue Aktivitäten und baut Dienstleistungen sowie eine Datenbank auf. Er bietet die Möglichkeit, Persönlichkeiten aus Wirtschaft, Politik, Wissenschaft, Kultur und Sport kennenzulernen.</p>
<p>[/et_pb_text][/et_pb_column][et_pb_column type=&#187;2_5&#8243; _builder_version=&#187;4.9.2&#8243; _module_preset=&#187;default&#187;][et_pb_image src=&#187;https://plenum-vs.ch/wp-content/uploads/2021/03/PVS_logo_stern.png&#187; title_text=&#187;PVS_logo_stern&#187; _builder_version=&#187;4.9.2&#8243; _module_preset=&#187;default&#187;][/et_pb_image][/et_pb_column][/et_pb_row][/et_pb_section]</p>

<p>[et_pb_section fb_built=&#187;1&#8243; _builder_version=&#187;4.9.2&#8243; _module_preset=&#187;default&#187;][et_pb_row _builder_version=&#187;4.9.2&#8243; _module_preset=&#187;default&#187;][et_pb_column _builder_version=&#187;4.9.2&#8243; _module_preset=&#187;default&#187; type=&#187;4_4&#8243;][et_pb_text _builder_version=&#187;4.9.2&#8243; _module_preset=&#187;default&#187; hover_enabled=&#187;0&#8243; sticky_enabled=&#187;0&#8243;] PORTRAIT [/et_pb_text][/et_pb_column][/et_pb_row][et_pb_row column_structure=&#187;3_5,2_5&#8243; _builder_version=&#187;4.9.2&#8243; _module_preset=&#187;default&#187;][et_pb_column type=&#187;3_5&#8243; _builder_version=&#187;4.9.2&#8243; _module_preset=&#187;default&#187;][et_pb_text _builder_version=&#187;4.9.2&#8243; _module_preset=&#187;default&#187;] Aktive Personen mit offener Haltung und Interesse am Wallis bilden das Kontaktnetz Plenum VS. Durch den Aufbau und Unterhalt dieser Plattform fördert der Verein die Kommunikation sowie die Knüpfung und Vertiefung von [&hellip;]</p>
